[INFO] fetching crate bottle 1.1.0-alpha...
[INFO] checking bottle-1.1.0-alpha against try#72f88fc4e9458f89516a0b8b0868f3718aec5b47 for pr-74989
[INFO] extracting crate bottle 1.1.0-alpha into /workspace/builds/worker-3/source
[INFO] validating manifest of crates.io crate bottle 1.1.0-alpha on toolchain 72f88fc4e9458f89516a0b8b0868f3718aec5b47
[INFO] running `Command { std: "/workspace/cargo-home/bin/cargo" "+72f88fc4e9458f89516a0b8b0868f3718aec5b47" "read-manifest" "--manifest-path" "Cargo.toml", kill_on_drop: false }`
[INFO] started tweaking crates.io crate bottle 1.1.0-alpha
[INFO] finished tweaking crates.io crate bottle 1.1.0-alpha
[INFO] tweaked toml for crates.io crate bottle 1.1.0-alpha written to /workspace/builds/worker-3/source/Cargo.toml
[INFO] crate crates.io crate bottle 1.1.0-alpha already has a lockfile, it will not be regenerated
[INFO] running `Command { std: "/workspace/cargo-home/bin/cargo" "+72f88fc4e9458f89516a0b8b0868f3718aec5b47" "fetch" "--locked" "--manifest-path" "Cargo.toml", kill_on_drop: false }`
[INFO] [stderr]     Blocking waiting for file lock on package cache
[INFO] [stderr]     Blocking waiting for file lock on package cache
[INFO] running `Command { std: "docker" "create" "-v" "/var/lib/crater-agent-workspace/builds/worker-3/target:/opt/rustwide/target:rw,Z" "-v" "/var/lib/crater-agent-workspace/builds/worker-3/source:/opt/rustwide/workdir:ro,Z" "-v" "/var/lib/crater-agent-workspace/cargo-home:/opt/rustwide/cargo-home:ro,Z" "-v" "/var/lib/crater-agent-workspace/rustup-home:/opt/rustwide/rustup-home:ro,Z" "-e" "SOURCE_DIR=/opt/rustwide/workdir" "-e" "CARGO_TARGET_DIR=/opt/rustwide/target" "-e" "CARGO_HOME=/opt/rustwide/cargo-home" "-e" "RUSTUP_HOME=/opt/rustwide/rustup-home" "-w" "/opt/rustwide/workdir" "-m" "1610612736" "--user" "0:0" "--network" "none" "rustops/crates-build-env@sha256:d92eaeed33fa75130ca1ee6c8a01d1ffb62bac859dfdfb3450e3e5d1c0146529" "/opt/rustwide/cargo-home/bin/cargo" "+72f88fc4e9458f89516a0b8b0868f3718aec5b47" "metadata" "--no-deps" "--format-version=1", kill_on_drop: false }`
[INFO] [stdout] 2fee6ed580dbfeff550e6097ae3ea56f3a587ee34bb53e8d840d077303b6cce0
[INFO] [stderr] WARNING: Your kernel does not support swap limit capabilities or the cgroup is not mounted. Memory limited without swap.
[INFO] running `Command { std: "docker" "start" "-a" "2fee6ed580dbfeff550e6097ae3ea56f3a587ee34bb53e8d840d077303b6cce0", kill_on_drop: false }`
[INFO] running `Command { std: "docker" "inspect" "2fee6ed580dbfeff550e6097ae3ea56f3a587ee34bb53e8d840d077303b6cce0", kill_on_drop: false }`
[INFO] running `Command { std: "docker" "rm" "-f" "2fee6ed580dbfeff550e6097ae3ea56f3a587ee34bb53e8d840d077303b6cce0", kill_on_drop: false }`
[INFO] [stdout] 2fee6ed580dbfeff550e6097ae3ea56f3a587ee34bb53e8d840d077303b6cce0
[INFO] running `Command { std: "docker" "create" "-v" "/var/lib/crater-agent-workspace/builds/worker-3/target:/opt/rustwide/target:rw,Z" "-v" "/var/lib/crater-agent-workspace/builds/worker-3/source:/opt/rustwide/workdir:ro,Z" "-v" "/var/lib/crater-agent-workspace/cargo-home:/opt/rustwide/cargo-home:ro,Z" "-v" "/var/lib/crater-agent-workspace/rustup-home:/opt/rustwide/rustup-home:ro,Z" "-e" "SOURCE_DIR=/opt/rustwide/workdir" "-e" "CARGO_TARGET_DIR=/opt/rustwide/target" "-e" "CARGO_INCREMENTAL=0" "-e" "RUST_BACKTRACE=full" "-e" "RUSTFLAGS=--cap-lints=forbid" "-e" "CARGO_HOME=/opt/rustwide/cargo-home" "-e" "RUSTUP_HOME=/opt/rustwide/rustup-home" "-w" "/opt/rustwide/workdir" "-m" "1610612736" "--user" "0:0" "--network" "none" "rustops/crates-build-env@sha256:d92eaeed33fa75130ca1ee6c8a01d1ffb62bac859dfdfb3450e3e5d1c0146529" "/opt/rustwide/cargo-home/bin/cargo" "+72f88fc4e9458f89516a0b8b0868f3718aec5b47" "check" "--frozen" "--all" "--all-targets" "--message-format=json", kill_on_drop: false }`
[INFO] [stdout] bb80634ae1930b1e1cf87989a3db7df5242556ce388b87acb5c9fc3a0dc47a06
[INFO] [stderr] WARNING: Your kernel does not support swap limit capabilities or the cgroup is not mounted. Memory limited without swap.
[INFO] running `Command { std: "docker" "start" "-a" "bb80634ae1930b1e1cf87989a3db7df5242556ce388b87acb5c9fc3a0dc47a06", kill_on_drop: false }`
[INFO] [stderr]     Checking cfg-if v0.1.10
[INFO] [stderr]    Compiling autocfg v1.0.0
[INFO] [stderr]    Compiling libc v0.2.68
[INFO] [stderr]    Compiling proc-macro2 v1.0.10
[INFO] [stderr]    Compiling unicode-xid v0.2.0
[INFO] [stderr]    Compiling syn v1.0.17
[INFO] [stderr]     Checking lazy_static v1.4.0
[INFO] [stderr]    Compiling memchr v2.3.3
[INFO] [stderr]     Checking slab v0.4.2
[INFO] [stderr]     Checking scopeguard v1.1.0
[INFO] [stderr]    Compiling maybe-uninit v2.0.0
[INFO] [stderr]    Compiling log v0.4.8
[INFO] [stderr]     Checking futures-core v0.3.4
[INFO] [stderr]    Compiling proc-macro-nested v0.1.4
[INFO] [stderr]     Checking futures-io v0.3.4
[INFO] [stderr]     Checking pin-utils v0.1.0-alpha.4
[INFO] [stderr]    Compiling proc-macro-hack v0.5.15
[INFO] [stderr]     Checking futures-sink v0.3.4
[INFO] [stderr]     Checking futures-task v0.3.4
[INFO] [stderr]     Checking smallvec v1.3.0
[INFO] [stderr]     Checking once_cell v1.3.1
[INFO] [stderr]     Checking static_assertions v1.1.0
[INFO] [stderr]     Checking futures-timer v2.0.2
[INFO] [stderr]     Checking pin-project-lite v0.1.4
[INFO] [stderr]     Checking lock_api v0.3.4
[INFO] [stderr]     Checking futures-channel v0.3.4
[INFO] [stderr]    Compiling crossbeam-utils v0.7.2
[INFO] [stderr]    Compiling memoffset v0.5.4
[INFO] [stderr]    Compiling crossbeam-epoch v0.8.2
[INFO] [stderr]     Checking kv-log-macro v1.0.4
[INFO] [stderr]     Checking crossbeam-channel v0.4.2
[INFO] [stderr]     Checking crossbeam-queue v0.2.1
[INFO] [stderr]    Compiling quote v1.0.3
[INFO] [stderr]     Checking net2 v0.2.33
[INFO] [stderr]     Checking iovec v0.1.4
[INFO] [stderr]     Checking parking_lot_core v0.7.1
[INFO] [stderr]     Checking num_cpus v1.12.0
[INFO] [stderr]     Checking async-task v1.3.1
[INFO] [stderr]     Checking crossbeam-deque v0.7.3
[INFO] [stderr]     Checking mio v0.6.21
[INFO] [stderr]     Checking parking_lot v0.10.2
[INFO] [stderr]     Checking mio-uds v0.6.7
[INFO] [stderr]    Compiling futures-macro v0.3.4
[INFO] [stderr]    Compiling async-attributes v1.1.1
[INFO] [stderr]     Checking async-std v1.5.0
[INFO] [stderr]     Checking futures-util v0.3.4
[INFO] [stderr]     Checking futures-executor v0.3.4
[INFO] [stderr]     Checking futures v0.3.4
[INFO] [stderr]     Checking bottle v1.1.0-alpha (/opt/rustwide/workdir)
[INFO] [stdout] warning: the feature `weak_into_raw` has been stable since 1.45.0 and no longer requires an attribute to enable
[INFO] [stdout]   --> src/lib.rs:20:2
[INFO] [stdout]    |
[INFO] [stdout] 20 |     weak_into_raw
[INFO] [stdout]    |     ^^^^^^^^^^^^^
[INFO] [stdout]    |
[INFO] [stdout]    = note: `#[warn(stable_features)]` on by default
[INFO] [stdout] 
[INFO] [stdout] 
[INFO] [stdout] warning: the feature `weak_into_raw` has been stable since 1.45.0 and no longer requires an attribute to enable
[INFO] [stdout]   --> src/lib.rs:20:2
[INFO] [stdout]    |
[INFO] [stdout] 20 |     weak_into_raw
[INFO] [stdout]    |     ^^^^^^^^^^^^^
[INFO] [stdout]    |
[INFO] [stdout]    = note: `#[warn(stable_features)]` on by default
[INFO] [stdout] 
[INFO] [stdout] 
[INFO] [stdout] warning: 1 warning emitted
[INFO] [stdout] 
[INFO] [stdout] 
[INFO] [stdout] warning: 1 warning emitted
[INFO] [stdout] 
[INFO] [stdout] 
[INFO] [stdout] error[E0106]: missing lifetime specifier
[INFO] [stdout]   --> examples/emitter.rs:40:58
[INFO] [stdout]    |
[INFO] [stdout] 40 |     fn handle(self: Receiver<Self>, _event: Emit) -> Output<()> {
[INFO] [stdout]    |                                                             ^ expected named lifetime parameter
[INFO] [stdout]    |
[INFO] [stdout]    = help: this function's return type contains a borrowed value with an elided lifetime, but the lifetime cannot be derived from the arguments
[INFO] [stdout] help: consider using the `'static` lifetime
[INFO] [stdout]    |
[INFO] [stdout] 40 |     fn handle(self: Receiver<Self>, _event: Emit) -> Output<'static, ()> {
[INFO] [stdout]    |                                                             ^^^^^^^^
[INFO] [stdout] 
[INFO] [stdout] 
[INFO] [stdout] error[E0106]: missing lifetime specifier
[INFO] [stdout]   --> examples/emitter.rs:55:60
[INFO] [stdout]    |
[INFO] [stdout] 55 |     fn handle(self: Receiver<Self>, _event: Event1) -> Output<()> {
[INFO] [stdout]    |                                                               ^ expected named lifetime parameter
[INFO] [stdout]    |
[INFO] [stdout]    = help: this function's return type contains a borrowed value with an elided lifetime, but the lifetime cannot be derived from the arguments
[INFO] [stdout] help: consider using the `'static` lifetime
[INFO] [stdout]    |
[INFO] [stdout] 55 |     fn handle(self: Receiver<Self>, _event: Event1) -> Output<'static, ()> {
[INFO] [stdout]    |                                                               ^^^^^^^^
[INFO] [stdout] 
[INFO] [stdout] 
[INFO] [stdout] error: aborting due to 2 previous errors
[INFO] [stdout] 
[INFO] [stdout] 
[INFO] [stdout] For more information about this error, try `rustc --explain E0106`.
[INFO] [stdout] 
[INFO] [stderr] error: could not compile `bottle`.
[INFO] [stderr] 
[INFO] [stderr] To learn more, run the command again with --verbose.
[INFO] [stderr] warning: build failed, waiting for other jobs to finish...
[INFO] [stdout] error[E0053]: method `handle` has an incompatible type for trait
[INFO] [stdout]   --> examples/simple.rs:23:2
[INFO] [stdout]    |
[INFO] [stdout] 23 |     fn handle(self: Receiver<Self>, _event: Reflect) -> Remote<dyn Handler<Event>> {
[INFO] [stdout]    |     ^^^^^^^^^^^^^^^^^^^^^^^^^^^^^^^^^^^^^^^^^^^^^^^^^^^^^^^^^^^^^^^^^^^^^^^^^^^^^^ expected enum `bottle::Output`, found struct `Remote`
[INFO] [stdout]    |
[INFO] [stdout]    = note: expected fn pointer `fn(bottle::Receiver<'a, _>, Reflect) -> bottle::Output<'a, Remote<_>, >`
[INFO] [stdout]               found fn pointer `fn(bottle::Receiver<'_, _>, Reflect) -> Remote<_>`
[INFO] [stdout] 
[INFO] [stdout] 
[INFO] [stdout] error[E0053]: method `handle` has an incompatible type for trait
[INFO] [stdout]   --> examples/simple.rs:30:2
[INFO] [stdout]    |
[INFO] [stdout] 30 |     fn handle(self: Receiver<Self>, _event: Event) {
[INFO] [stdout]    |     ^^^^^^^^^^^^^^^^^^^^^^^^^^^^^^^^^^^^^^^^^^^^^^ expected enum `bottle::Output`, found `()`
[INFO] [stdout]    |
[INFO] [stdout]    = note: expected fn pointer `fn(bottle::Receiver<'a, _>, Event) -> bottle::Output<'a, ()>`
[INFO] [stdout]               found fn pointer `fn(bottle::Receiver<'_, _>, Event)`
[INFO] [stdout] 
[INFO] [stdout] 
[INFO] [stdout] error: aborting due to 2 previous errors
[INFO] [stdout] 
[INFO] [stdout] 
[INFO] [stdout] For more information about this error, try `rustc --explain E0053`.
[INFO] [stdout] 
[INFO] [stderr] error: build failed
[INFO] running `Command { std: "docker" "inspect" "bb80634ae1930b1e1cf87989a3db7df5242556ce388b87acb5c9fc3a0dc47a06", kill_on_drop: false }`
[INFO] running `Command { std: "docker" "rm" "-f" "bb80634ae1930b1e1cf87989a3db7df5242556ce388b87acb5c9fc3a0dc47a06", kill_on_drop: false }`
[INFO] [stdout] bb80634ae1930b1e1cf87989a3db7df5242556ce388b87acb5c9fc3a0dc47a06
